 5, 7
Suppose 0 + 12 = 2*t. Suppose 2*v = t*v - 12. What are the prime factors of v?
3
Suppose -8*r + 8 = -4*r. Let m be r + -2 + -2 + 1. What are the prime factors of 46 + (-2 - (m - 3))?
2, 3
Let h be 34/8 - 10/40. Suppose 95 = -4*s - 2*x + 285, h*x + 244 = 5*s. List the prime factors of s.
2, 3
Let z = 9 + -45. Let i be (z/(-15))/((-1)/5). Let f = i - -19. List the prime factors of f.
7
Let n be (-7)/((-2)/6 + (-18)/(-135)). Let c = 5 + n. List the prime factors of c.
2, 5
Suppose d + 2 = 8. Let h be 2/d + 260/30. Let s = 14 - h. List the prime factors of s.
5
Suppose 3*v - 779 = 24*d - 26*d, -5*v = 4*d - 1555. What are the prime factors of d?
5, 7, 11
Let u = -89 + 151. Suppose -58 - u = 3*b. Let z = 61 + b. List the prime factors of z.
3, 7
Suppose 2*f - 168 = -0. Suppose -11*p = -8*p - f. List the prime factors of p.
2, 7
Let h(u) = 131*u**2 - 3*u - 1. Let t be h(-1). Let q = t + -94. What are the prime factors of q?
3, 13
Let v = 3147 + 1399. What are the prime factors of v?
2, 2273
Suppose 6*a - 4715 = -1577. What are the prime factors of a?
523
Let t(b) = -b**2 - 10*b - 5. Let c be t(-8). Let l = -7 + c. Suppose -l*q + 109 = -3*x, 5*q - 2*q - 5*x - 90 = 0. What are the prime factors of q?
5
Let q = 10179 + -5603. What are the prime factors of q?
2, 11, 13
Suppose -4616 = -v - q, 0 = -5*v + 7*q - 5*q + 23101. What are the prime factors of v?
31, 149
Let l be (-2)/11 - (4008/44)/(-6). Suppose 3*u - l = 270. What are the prime factors of u?
5, 19
Let u(v) be the first derivative of -v**3/3 - 4*v**2 - 5*v - 2. Let k be u(-7). What are the prime factors of (-411)/(-15) - k/5?
3
Let h = 29 - 15. What are the prime factors of (-15)/35 + 650/h?
2, 23
Suppose -43*l = -37*l - 2100. List the prime factors of l.
2, 5, 7
Suppose -2*i + 0*i = 3*d - 108, -5*d - 200 = -3*i. Suppose 6 = -6*n + i. What are the prime factors of n?
3
Let n = -725 + 1802. List the prime factors of n.
3, 359
Let j be 4/22 + 158/(-22). Let y(u) = u**3 + 7*u**2 + 10. List the prime factors of y(j).
2, 5
Suppose -53 = -j - 0*n + 3*n, -4*j - n = -199. Suppose -2*a + a - 96 = -3*s, 4*a - j = -2*s. What are the prime factors of s?
31
Suppose 2*c = 2*z + 978, 3*c - z + 70 - 1527 = 0. Let y = c + -268. List the prime factors of y.
2, 3
Suppose -5*r - 5*g + 355 = 0, r + g - 287 = -3*r. List the prime factors of r.
2, 3
Let a = 933 - -1570. What are the prime factors of a?
2503
Suppose 4*h = 5*x + 104, x + 3*x + 26 = h. Let w = h - 24. Let t(b) = 2*b**3 - 3*b**2 + 2*b - 2. List the prime factors of t(w).
2, 3
What are the prime factors of ((-180)/(-8))/(-9) - 2338/(-4)?
2, 3, 97
Suppose 2*s - 3*j + 21 = -s, -4*s - 23 = -3*j. Let u be -3 + (-12)/(s/1). Suppose -u*g + 119 = -b, -216 = -5*g + 2*b - 16. What are the prime factors of g?
2, 19
Let n = 8 + -13. Let w(a) = 4*a**3 - 6*a**2 + 18*a + 13. Let j(d) = -d**3 + 2*d**2 - 6*d - 4. Let r(x) = -7*j(x) - 2*w(x). List the prime factors of r(n).
47
Let z(y) = 9*y. Let m be z(-1). Let h(o) = o**2 + 11*o + 5. Let i be h(m). Let w = -9 - i. List the prime factors of w.
2
Suppose 3*u - 33 = 4*n - 0*n, 0 = -5*n - 2*u - 24. List the prime factors of (1 - (-203)/7)*(-8)/n.
2, 5
Suppose q = 2*u - 12, -4*u + 28 = -5*q + 2*q. Let o be (-1)/1*16/q. Suppose o*t - 95 + 15 = 0. What are the prime factors of t?
2, 5
Suppose -5*r + 10 = -5. Let n(z) = -z**3 - z**3 + 27 + r*z**3. What are the prime factors of n(0)?
3
What are the prime factors of (-10)/500*-10 + 27312/15?
3, 607
Suppose -v + 1 + 2 = 0, -15 = 3*g - 4*v. Let u(s) = -9*s**2 - s**2 + 24*s**2 + 17*s**2. List the prime factors of u(g).
31
Let u = 3561 - 395. What are the prime factors of u?
2, 1583
Suppose 3*d - 272 = 3196. What are the prime factors of d?
2, 17
Let l(n) be the second derivative of 11*n + 0*n**4 - 1/20*n**5 + 4*n**2 + 1/2*n**3 + 0. List the prime factors of l(-4).
2, 3, 5
Let a = 4243 + 356. List the prime factors of a.
3, 7, 73
Suppose 1063 = 5*n - z - 964, 5*n = -5*z + 2045. Let m = n + -22. Suppose -9*t + 3*t = -m. What are the prime factors of t?
2
List the prime factors of 58 + ((-5)/1 - (-24 + 13)).
2
Suppose 64365 = 42*k - 21*k. What are the prime factors of k?
5, 613
Suppose -21*z + 5957 = 1526. List the prime factors of z.
211
Suppose 0 = 39*r - 25*r - 9352. What are the prime factors of r?
2, 167
Let c(y) = -76*y + 12. What are the prime factors of c(-6)?
2, 3, 13
Let z(m) = -4*m - 27. Let r be z(-8). Suppose 2*v + 0*v - 372 = g, v = -r*g + 186. List the prime factors of v.
2, 3, 31
Suppose -7*r = 1160 - 5269. What are the prime factors of r?
587
Let i(g) = g**2 + 1. Let j(u) = 0*u - 2*u + 3*u. Let m be j(3). List the prime factors of i(m).
2, 5
Suppose 44 = t + 3*t. Suppose -2*f - t = 3*l, l - 2*l - 2*f = 9. What are the prime factors of l - -3 - (-10 + -6)?
2, 3
Let m(a) = -387*a - 3. Let n be m(-1). Suppose 0 = 8*y - n - 424. What are the prime factors of y?
101
Let l(f) = f**2 + 8*f + 33. Let k be l(-25). Suppose 0 = -5*u + 25, 0 = -2*y - 2*y - 2*u + k. List the prime factors of y.
2, 7
Let o(i) = 2*i**3 - 3*i**2 - 3*i + 4. Let a be o(2). Suppose -a*v + 55 + 87 = 0. List the prime factors of v.
71
Let m(b) = -b**2 - 9*b + 4. Let s = 7 - 16. Let p be m(s). Suppose 9*g - 4*g - 28 = p*o, 0 = 4*o + 8. List the prime factors of g.
2
Suppose 3*b + 3*v = 1899, -4*b + 11*v - 10*v = -2527. What are the prime factors of b?
2, 79
Suppose 0 = -3*n + 5*l + 609, 2*n + l = 236 + 170. What are the prime factors of n?
7, 29
Let t be 3 - (82 + 2)/(-1). Let q = 16 + t. List the prime factors of q.
103
Let g(a) = -a**2 - 18*a - 12. Let i(x) = -x**3 - 8*x**2 + 3*x + 10. Let c be i(-8). Let h be g(c). Let v = -11 + h. What are the prime factors of v?
3, 11
Suppose 2*u - 18900 = -u. List the prime factors of u/81 - (0 - 6/27).
2, 3, 13
Suppose -2*i - 5 = q - 2, -5*q - 15 = 0. Suppose 0 = 5*r - i*v + v - 182, 0 = -4*v - 12. What are the prime factors of r?
37
Let z = -31 - -35. What are the prime factors of z/(-1) + 14 + 5?
3, 5
Suppose c - 5*b = -7, -3*b - b + 10 = -3*c. Let a be (c - -41) + 6/(-3). Suppose -93 = -5*n + a. What are the prime factors of n?
2, 13
Let b(y) = -8*y - 75. Let s be b(-12). Let n(g) = g + 4. Let l be n(5). Let j = s - l. What are the prime factors of j?
2, 3
Let a = -19 + 33. Let w = a + -15. What are the prime factors of 1/((w + 0)/(-29))?
29
Let r = 9886 + -6506. List the prime factors of r.
2, 5, 13
Let l = -1 + 40. Suppose -l - 9 = -f. List the prime factors of f.
2, 3
Suppose u + 6 = 4*u. Let o(p) = -4*p + p**3 + 0 - 2 - 36*p**u + 41*p**2. List the prime factors of o(-5).
2, 3
Let k(a) = -5*a + 1 - 2*a**2 + 3*a**2 + 4*a + 3*a**3. Let z be k(1). Suppose 10 + z = 2*y. What are the prime factors of y?
7
Let h(n) = 18*n**2 - 7*n + 12. What are the prime factors of h(5)?
7, 61
Suppose 4071 = 4*d + 683. List the prime factors of d.
7, 11
Suppose 11*h + 6 = 13*h. Suppose 0 = h*p - 5*s - 238, 4*p - 2*s - 250 = p. What are the prime factors of p?
2, 43
Suppose 1414 = 3*w + 5*p, 4*w - 17*p + 13*p - 1896 = 0. What are the prime factors of w?
11, 43
Suppose -9 + 3 = -3*u. Let r(s) = -8 - 3*s**2 + 12 + 6*s**u. What are the prime factors of r(2)?
2
Suppose 5*x - 2*b - 3*b - 40 = 0, 0 = -4*x - 5*b + 14. Let y be (-2)/(1/x*-4). Suppose 0 = -m - 2*q + 26, y*m - 28 = q + 22. List the prime factors of m.
2, 3
Let j(g) = 6*g**2 - 20*g - 34. List the prime factors of j(-15).
2, 101
Let y = -19 - -22. Suppose 0 = g - v - 7, -g = y*v - 0*v - 11. What are the prime factors of g?
2
Suppose -3*w = -2*w - 3*c - 1025, -3079 = -3*w + 5*c. What are the prime factors of w?
2, 257
Let a(k) = 16*k**2 + 5*k + 12. Let g be a(-9). Suppose -325 = 14*m - g. What are the prime factors of m?
67
Suppose 3*s - 5*w - 24 = 0, w = -s + 3*s - 9. Suppose -b + 92 = s*b. List the prime factors of b.
23
Let c = -3 + 11. Let x = 16 - c. Suppose -9*j + x*j = -30. What are the prime factors of j?
2, 3, 5
Let v(q) = -q**2 + q + 1. Let x be v(-1). Let t(n) = -10*n**3 + n**2 - 3*n - 3. Let k be t(3). List the prime factors of k/(-35)*(-5)/x.
3, 13
Let d(y) = -y**3 - 24*y**2 + 15*y - 54. List the prime factors of d(-26).
2, 227
Suppose 2*m = -0*m. Let k be (-3 + (-7)/(-2))*m. Suppose k*c = -c + 9. What are the prime factors of c?
3
Suppose -5*h + 1947 = 8*q - 12*q, -5*h = 2*q - 1929. List the prime factors 